{"id":15555,"date":"2022-07-04T02:46:51","date_gmt":"2022-07-04T00:46:51","guid":{"rendered":"https:\/\/www.webstranka-eshop.sk\/tesel\/produkt\/litiova-bateria-fanso-cr123a-3v-1-ks\/"},"modified":"2022-07-04T02:46:56","modified_gmt":"2022-07-04T00:46:56","slug":"litiova-bateria-fanso-cr123a-3v-1-ks","status":"publish","type":"product","link":"https:\/\/www.webstranka-eshop.sk\/tesel\/produkt\/litiova-bateria-fanso-cr123a-3v-1-ks\/","title":{"rendered":"L\u00edtiov\u00e1 bat\u00e9ria FANSO CR123A 3V, 1 ks"},"content":{"rendered":"","protected":false},"excerpt":{"rendered":"","protected":false},"featured_media":15556,"comment_status":"closed","ping_status":"open","template":"","meta":[],"product_cat":[285,305,334],"product_tag":[],"class_list":["post-15555","product","type-product","status-publish","has-post-thumbnail","hentry","product_cat-chytre-riesenia","product_cat-inteligentne-riadenie","product_cat-prislusenstvo-inteligentne-riadenie","yith_product_brand-fanso"],"_links":{"self":[{"href":"https:\/\/www.webstranka-eshop.sk\/tesel\/wp-json\/wp\/v2\/product\/15555","targetHints":{"allow":["GET"]}}],"collection":[{"href":"https:\/\/www.webstranka-eshop.sk\/tesel\/wp-json\/wp\/v2\/product"}],"about":[{"href":"https:\/\/www.webstranka-eshop.sk\/tesel\/wp-json\/wp\/v2\/types\/product"}],"replies":[{"embeddable":true,"href":"https:\/\/www.webstranka-eshop.sk\/tesel\/wp-json\/wp\/v2\/comments?post=15555"}],"wp:featuredmedia":[{"embeddable":true,"href":"https:\/\/www.webstranka-eshop.sk\/tesel\/wp-json\/wp\/v2\/media\/15556"}],"wp:attachment":[{"href":"https:\/\/www.webstranka-eshop.sk\/tesel\/wp-json\/wp\/v2\/media?parent=15555"}],"wp:term":[{"taxonomy":"product_cat","embeddable":true,"href":"https:\/\/www.webstranka-eshop.sk\/tesel\/wp-json\/wp\/v2\/product_cat?post=15555"},{"taxonomy":"product_tag","embeddable":true,"href":"https:\/\/www.webstranka-eshop.sk\/tesel\/wp-json\/wp\/v2\/product_tag?post=15555"}],"curies":[{"name":"wp","href":"https:\/\/api.w.org\/{rel}","templated":true}]}}