{"id":15270,"date":"2022-07-04T02:46:31","date_gmt":"2022-07-04T00:46:31","guid":{"rendered":"https:\/\/www.webstranka-eshop.sk\/tesel\/produkt\/litiova-bateria-eve-energy-er14250-1-2aa-36v-1200mah-1ks\/"},"modified":"2022-07-04T02:46:36","modified_gmt":"2022-07-04T00:46:36","slug":"litiova-bateria-eve-energy-er14250-1-2aa-36v-1200mah-1ks","status":"publish","type":"product","link":"https:\/\/www.webstranka-eshop.sk\/tesel\/produkt\/litiova-bateria-eve-energy-er14250-1-2aa-36v-1200mah-1ks\/","title":{"rendered":"L\u00edtiov\u00e1 bat\u00e9ria EVE ENERGY ER14250 1\/2AA 3,6V 1200mAh, 1ks"},"content":{"rendered":"","protected":false},"excerpt":{"rendered":"","protected":false},"featured_media":15271,"comment_status":"closed","ping_status":"open","template":"","meta":[],"product_cat":[285,305,334],"product_tag":[],"class_list":["post-15270","product","type-product","status-publish","has-post-thumbnail","hentry","product_cat-chytre-riesenia","product_cat-inteligentne-riadenie","product_cat-prislusenstvo-inteligentne-riadenie","yith_product_brand-eve-energy"],"_links":{"self":[{"href":"https:\/\/www.webstranka-eshop.sk\/tesel\/wp-json\/wp\/v2\/product\/15270","targetHints":{"allow":["GET"]}}],"collection":[{"href":"https:\/\/www.webstranka-eshop.sk\/tesel\/wp-json\/wp\/v2\/product"}],"about":[{"href":"https:\/\/www.webstranka-eshop.sk\/tesel\/wp-json\/wp\/v2\/types\/product"}],"replies":[{"embeddable":true,"href":"https:\/\/www.webstranka-eshop.sk\/tesel\/wp-json\/wp\/v2\/comments?post=15270"}],"wp:featuredmedia":[{"embeddable":true,"href":"https:\/\/www.webstranka-eshop.sk\/tesel\/wp-json\/wp\/v2\/media\/15271"}],"wp:attachment":[{"href":"https:\/\/www.webstranka-eshop.sk\/tesel\/wp-json\/wp\/v2\/media?parent=15270"}],"wp:term":[{"taxonomy":"product_cat","embeddable":true,"href":"https:\/\/www.webstranka-eshop.sk\/tesel\/wp-json\/wp\/v2\/product_cat?post=15270"},{"taxonomy":"product_tag","embeddable":true,"href":"https:\/\/www.webstranka-eshop.sk\/tesel\/wp-json\/wp\/v2\/product_tag?post=15270"}],"curies":[{"name":"wp","href":"https:\/\/api.w.org\/{rel}","templated":true}]}}