{"id":15258,"date":"2022-07-04T02:46:31","date_gmt":"2022-07-04T00:46:31","guid":{"rendered":"https:\/\/www.webstranka-eshop.sk\/tesel\/produkt\/ovladac-zaluzii-aeotec-nano-shutter-zw141-c\/"},"modified":"2022-07-04T02:46:35","modified_gmt":"2022-07-04T00:46:35","slug":"ovladac-zaluzii-aeotec-nano-shutter-zw141-c","status":"publish","type":"product","link":"https:\/\/www.webstranka-eshop.sk\/tesel\/produkt\/ovladac-zaluzii-aeotec-nano-shutter-zw141-c\/","title":{"rendered":"Ovl\u00e1da\u010d \u017eal\u00fazi\u00ed &#8211; AEOTEC Nano Shutter (ZW141-C)"},"content":{"rendered":"","protected":false},"excerpt":{"rendered":"","protected":false},"featured_media":15259,"comment_status":"closed","ping_status":"open","template":"","meta":[],"product_cat":[345,285,346],"product_tag":[],"class_list":["post-15258","product","type-product","status-publish","has-post-thumbnail","hentry","product_cat-chladenie-a-tienenie","product_cat-chytre-riesenia","product_cat-ovladanie-zaluzii-a-roliet","yith_product_brand-aeotec"],"_links":{"self":[{"href":"https:\/\/www.webstranka-eshop.sk\/tesel\/wp-json\/wp\/v2\/product\/15258","targetHints":{"allow":["GET"]}}],"collection":[{"href":"https:\/\/www.webstranka-eshop.sk\/tesel\/wp-json\/wp\/v2\/product"}],"about":[{"href":"https:\/\/www.webstranka-eshop.sk\/tesel\/wp-json\/wp\/v2\/types\/product"}],"replies":[{"embeddable":true,"href":"https:\/\/www.webstranka-eshop.sk\/tesel\/wp-json\/wp\/v2\/comments?post=15258"}],"wp:featuredmedia":[{"embeddable":true,"href":"https:\/\/www.webstranka-eshop.sk\/tesel\/wp-json\/wp\/v2\/media\/15259"}],"wp:attachment":[{"href":"https:\/\/www.webstranka-eshop.sk\/tesel\/wp-json\/wp\/v2\/media?parent=15258"}],"wp:term":[{"taxonomy":"product_cat","embeddable":true,"href":"https:\/\/www.webstranka-eshop.sk\/tesel\/wp-json\/wp\/v2\/product_cat?post=15258"},{"taxonomy":"product_tag","embeddable":true,"href":"https:\/\/www.webstranka-eshop.sk\/tesel\/wp-json\/wp\/v2\/product_tag?post=15258"}],"curies":[{"name":"wp","href":"https:\/\/api.w.org\/{rel}","templated":true}]}}