{"id":15075,"date":"2022-07-04T02:45:55","date_gmt":"2022-07-04T00:45:55","guid":{"rendered":"https:\/\/www.webstranka-eshop.sk\/tesel\/produkt\/elektronicka-klucenka-nuki-fob\/"},"modified":"2022-07-04T02:45:59","modified_gmt":"2022-07-04T00:45:59","slug":"elektronicka-klucenka-nuki-fob","status":"publish","type":"product","link":"https:\/\/www.webstranka-eshop.sk\/tesel\/produkt\/elektronicka-klucenka-nuki-fob\/","title":{"rendered":"Elektronick\u00e1 k\u013e\u00fa\u010denka &#8211; Nuki Fob"},"content":{"rendered":"","protected":false},"excerpt":{"rendered":"","protected":false},"featured_media":15076,"comment_status":"closed","ping_status":"open","template":"","meta":[],"product_cat":[285,313,328],"product_tag":[],"class_list":["post-15075","product","type-product","status-publish","has-post-thumbnail","hentry","product_cat-chytre-riesenia","product_cat-zabezpecenie-domov-a-bytov","product_cat-zamky-na-dvere-zabezpecenie-domov-a-bytov","yith_product_brand-nuki"],"_links":{"self":[{"href":"https:\/\/www.webstranka-eshop.sk\/tesel\/wp-json\/wp\/v2\/product\/15075","targetHints":{"allow":["GET"]}}],"collection":[{"href":"https:\/\/www.webstranka-eshop.sk\/tesel\/wp-json\/wp\/v2\/product"}],"about":[{"href":"https:\/\/www.webstranka-eshop.sk\/tesel\/wp-json\/wp\/v2\/types\/product"}],"replies":[{"embeddable":true,"href":"https:\/\/www.webstranka-eshop.sk\/tesel\/wp-json\/wp\/v2\/comments?post=15075"}],"wp:featuredmedia":[{"embeddable":true,"href":"https:\/\/www.webstranka-eshop.sk\/tesel\/wp-json\/wp\/v2\/media\/15076"}],"wp:attachment":[{"href":"https:\/\/www.webstranka-eshop.sk\/tesel\/wp-json\/wp\/v2\/media?parent=15075"}],"wp:term":[{"taxonomy":"product_cat","embeddable":true,"href":"https:\/\/www.webstranka-eshop.sk\/tesel\/wp-json\/wp\/v2\/product_cat?post=15075"},{"taxonomy":"product_tag","embeddable":true,"href":"https:\/\/www.webstranka-eshop.sk\/tesel\/wp-json\/wp\/v2\/product_tag?post=15075"}],"curies":[{"name":"wp","href":"https:\/\/api.w.org\/{rel}","templated":true}]}}