{"id":14691,"date":"2022-07-04T02:45:02","date_gmt":"2022-07-04T00:45:02","guid":{"rendered":"https:\/\/www.webstranka-eshop.sk\/tesel\/produkt\/analogovy-anemometer-s-vystupom-0-10v-dc\/"},"modified":"2022-07-04T02:45:04","modified_gmt":"2022-07-04T00:45:04","slug":"analogovy-anemometer-s-vystupom-0-10v-dc","status":"publish","type":"product","link":"https:\/\/www.webstranka-eshop.sk\/tesel\/produkt\/analogovy-anemometer-s-vystupom-0-10v-dc\/","title":{"rendered":"Anal\u00f3gov\u00fd anemometer s v\u00fdstupom 0-10V DC"},"content":{"rendered":"","protected":false},"excerpt":{"rendered":"","protected":false},"featured_media":14692,"comment_status":"closed","ping_status":"open","template":"","meta":[],"product_cat":[285,325,310],"product_tag":[],"class_list":["post-14691","product","type-product","status-publish","has-post-thumbnail","hentry","product_cat-chytre-riesenia","product_cat-meteostanice","product_cat-senzory-a-detektory-chytre-riesenia","yith_product_brand-smarterhome"],"_links":{"self":[{"href":"https:\/\/www.webstranka-eshop.sk\/tesel\/wp-json\/wp\/v2\/product\/14691","targetHints":{"allow":["GET"]}}],"collection":[{"href":"https:\/\/www.webstranka-eshop.sk\/tesel\/wp-json\/wp\/v2\/product"}],"about":[{"href":"https:\/\/www.webstranka-eshop.sk\/tesel\/wp-json\/wp\/v2\/types\/product"}],"replies":[{"embeddable":true,"href":"https:\/\/www.webstranka-eshop.sk\/tesel\/wp-json\/wp\/v2\/comments?post=14691"}],"wp:featuredmedia":[{"embeddable":true,"href":"https:\/\/www.webstranka-eshop.sk\/tesel\/wp-json\/wp\/v2\/media\/14692"}],"wp:attachment":[{"href":"https:\/\/www.webstranka-eshop.sk\/tesel\/wp-json\/wp\/v2\/media?parent=14691"}],"wp:term":[{"taxonomy":"product_cat","embeddable":true,"href":"https:\/\/www.webstranka-eshop.sk\/tesel\/wp-json\/wp\/v2\/product_cat?post=14691"},{"taxonomy":"product_tag","embeddable":true,"href":"https:\/\/www.webstranka-eshop.sk\/tesel\/wp-json\/wp\/v2\/product_tag?post=14691"}],"curies":[{"name":"wp","href":"https:\/\/api.w.org\/{rel}","templated":true}]}}