{"id":14361,"date":"2022-07-04T02:42:40","date_gmt":"2022-07-04T00:42:40","guid":{"rendered":"https:\/\/www.webstranka-eshop.sk\/tesel\/produkt\/qubino-ovladac-zaluzii-dc-plus-zmnhod1\/"},"modified":"2022-07-04T02:42:45","modified_gmt":"2022-07-04T00:42:45","slug":"qubino-ovladac-zaluzii-dc-plus-zmnhod1","status":"publish","type":"product","link":"https:\/\/www.webstranka-eshop.sk\/tesel\/produkt\/qubino-ovladac-zaluzii-dc-plus-zmnhod1\/","title":{"rendered":"Qubino Ovl\u00e1da\u010d \u017dal\u00fazi\u00ed DC Plus [ZMNHOD1]"},"content":{"rendered":"","protected":false},"excerpt":{"rendered":"","protected":false},"featured_media":14264,"comment_status":"closed","ping_status":"open","template":"","meta":[],"product_cat":[289],"product_tag":[],"class_list":["post-14361","product","type-product","status-publish","has-post-thumbnail","hentry","product_cat-ovladace-na-zaluzie-rolety-markizy-a-brany","yith_product_brand-qubino"],"_links":{"self":[{"href":"https:\/\/www.webstranka-eshop.sk\/tesel\/wp-json\/wp\/v2\/product\/14361","targetHints":{"allow":["GET"]}}],"collection":[{"href":"https:\/\/www.webstranka-eshop.sk\/tesel\/wp-json\/wp\/v2\/product"}],"about":[{"href":"https:\/\/www.webstranka-eshop.sk\/tesel\/wp-json\/wp\/v2\/types\/product"}],"replies":[{"embeddable":true,"href":"https:\/\/www.webstranka-eshop.sk\/tesel\/wp-json\/wp\/v2\/comments?post=14361"}],"wp:featuredmedia":[{"embeddable":true,"href":"https:\/\/www.webstranka-eshop.sk\/tesel\/wp-json\/wp\/v2\/media\/14264"}],"wp:attachment":[{"href":"https:\/\/www.webstranka-eshop.sk\/tesel\/wp-json\/wp\/v2\/media?parent=14361"}],"wp:term":[{"taxonomy":"product_cat","embeddable":true,"href":"https:\/\/www.webstranka-eshop.sk\/tesel\/wp-json\/wp\/v2\/product_cat?post=14361"},{"taxonomy":"product_tag","embeddable":true,"href":"https:\/\/www.webstranka-eshop.sk\/tesel\/wp-json\/wp\/v2\/product_tag?post=14361"}],"curies":[{"name":"wp","href":"https:\/\/api.w.org\/{rel}","templated":true}]}}