{"id":7410,"date":"2015-07-31T08:01:04","date_gmt":"2015-07-31T08:01:04","guid":{"rendered":"https:\/\/digi.nasatheme.com\/?page_id=7410"},"modified":"2022-07-19T00:11:44","modified_gmt":"2022-07-18T22:11:44","slug":"kontaktujte-nas","status":"publish","type":"page","link":"https:\/\/www.webstranka-eshop.sk\/tesel\/kontaktujte-nas\/","title":{"rendered":"Kontaktujte n\u00e1s"},"content":{"rendered":"<p>[vc_row][vc_column]<div class=\"banner nasa_banner hover-reduction\" data-wow-delay=\"0ms\" style=\"height: 300px;\"><div class=\"banner-image nasa-banner-image\" style=\"background-image: url(https:\/\/www.webstranka-eshop.sk\/tesel\/wp-content\/uploads\/2022\/06\/brumb1000.jpg); background-position: center center;\" data-height=\"300\"><\/div><\/div>[\/vc_column][\/vc_row][vc_row css=&#8220;.vc_custom_1502944604565{margin-top: 20px !important;}&#8220;][vc_column][\/vc_column][\/vc_row][vc_row][vc_column][vc_empty_space height=&#8220;64px&#8220;][vc_headings style=&#8220;theme5&#8243; linewidth=&#8220;420&#8243; borderwidth=&#8220;1&#8243; borderclr=&#8220;#000000&#8243; style2=&#8220;image&#8220; title=&#8220;&#8220; google_fonts=&#8220;font_family:Abril%20Fatface%3Aregular|font_style:400%20regular%3A400%3Anormal&#8220; lineheight=&#8220;2&#8243; titleclr=&#8220;#000000&#8243; image_id=&#8220;14092&#8243;]<\/p>\n<h4>Kontaktujte n\u00e1s<\/h4>\n<p>&nbsp;<\/p>\n<p>[\/vc_headings][vc_empty_space][\/vc_column][\/vc_row][vc_row bg_type=&#8220;no_bg&#8220; bg_grad=&#8220;background: -webkit-gradient(linear, left top, left bottom, color-stop(0%, #E3E3E3));background: -moz-linear-gradient(top,#E3E3E3 0%);background: -webkit-linear-gradient(top,#E3E3E3 0%);background: -o-linear-gradient(top,#E3E3E3 0%);background: -ms-linear-gradient(top,#E3E3E3 0%);background: linear-gradient(top,#E3E3E3 0%);&#8220; parallax_style=&#8220;vcpb-default&#8220; bg_image_repeat=&#8220;repeat&#8220; bg_image_size=&#8220;cover&#8220; bg_img_attach=&#8220;scroll&#8220; parallax_sense=&#8220;30&#8243; animation_direction=&#8220;left-animation&#8220; animation_repeat=&#8220;repeat&#8220; video_opts=&#8220;&#8220; bg_override=&#8220;0&#8243; parallax_content_sense=&#8220;30&#8243; fadeout_start_effect=&#8220;30&#8243; overlay_pattern_opacity=&#8220;80&#8243; seperator_type=&#8220;none_seperator&#8220; seperator_position=&#8220;top_seperator&#8220; seperator_shape_size=&#8220;40&#8243; seperator_svg_height=&#8220;60&#8243; seperator_shape_background=&#8220;#ffffff&#8220; seperator_shape_border=&#8220;none&#8220; seperator_shape_border_width=&#8220;1&#8243; icon_type=&#8220;no_icon&#8220; icon_size=&#8220;32&#8243; icon_style=&#8220;none&#8220; icon_color_border=&#8220;#333333&#8243; icon_border_size=&#8220;1&#8243; icon_border_radius=&#8220;500&#8243; icon_border_spacing=&#8220;50&#8243; img_width=&#8220;48&#8243; ult_hide_row_large_screen=&#8220;off&#8220; ult_hide_row_desktop=&#8220;off&#8220; ult_hide_row_tablet=&#8220;off&#8220; ult_hide_row_tablet_small=&#8220;off&#8220; ult_hide_row_mobile=&#8220;off&#8220; ult_hide_row_mobile_large=&#8220;off&#8220;][vc_column width=&#8220;5\/12&#8243;][vc_gmaps link=&#8220;#E-8_JTNDaWZyYW1lJTIwc3JjJTNEJTIyaHR0cHMlM0ElMkYlMkZ3d3cuZ29vZ2xlLmNvbSUyRm1hcHMlMkZlbWJlZCUzRnBiJTNEJTIxMW0xOCUyMTFtMTIlMjExbTMlMjExZDEwNTMwLjk4Mzk4NDkyODk2NCUyMTJkMjEuMjQ3NTE1OTE2MTA5ODk0JTIxM2Q0OC43MTAzMzU2NzkxNzIxNCUyMTJtMyUyMTFmMCUyMTJmMCUyMTNmMCUyMTNtMiUyMTFpMTAyNCUyMTJpNzY4JTIxNGYxMy4xJTIxM20zJTIxMW0yJTIxMXMweDQ3M2VkZmQ1MjYxN2JmZDclMjUzQTB4YTM4MTYzYmM5NzdkN2I3OCUyMTJzVGVzZWwlMjUyMHMuci5vLiUyMTVlMCUyMTNtMiUyMTFzc2slMjEyc3NrJTIxNHYxNjU2MTkwODgzNzkyJTIxNW0yJTIxMXNzayUyMTJzc2slMjIlMjB3aWR0aCUzRCUyMjYwMCUyMiUyMGhlaWdodCUzRCUyMjQ1MCUyMiUyMHN0eWxlJTNEJTIyYm9yZGVyJTNBMCUzQiUyMiUyMGFsbG93ZnVsbHNjcmVlbiUzRCUyMiUyMiUyMGxvYWRpbmclM0QlMjJsYXp5JTIyJTIwcmVmZXJyZXJwb2xpY3klM0QlMjJuby1yZWZlcnJlci13aGVuLWRvd25ncmFkZSUyMiUzRSUzQyUyRmlmcmFtZSUzRQ==&#8220; size=&#8220;650&#8243;][\/vc_column][vc_column width=&#8220;7\/12&#8243; el_class=&#8220;padding-side-mobile-0&#8243; css=&#8220;.vc_custom_1505055254580{padding-left: 20px !important;}&#8220;][vc_row_inner][vc_column_inner width=&#8220;1\/2&#8243; css=&#8220;.vc_custom_1656192218968{padding-bottom: 10px !important;}&#8220;][vc_column_text]<\/p>\n<h5 class=\"nasa-title-heading\" style=\"font-weight: 500;\">ADRESA<\/h5>\n<p>Dunajsk\u00e1 12,<br \/>\n040 01, Ko\u0161ice[\/vc_column_text][\/vc_column_inner][vc_column_inner width=&#8220;1\/2&#8243; css=&#8220;.vc_custom_1656192227876{padding-bottom: 10px !important;}&#8220;][vc_column_text]<\/p>\n<h5 class=\"nasa-title-heading\" style=\"font-weight: 500;\">FIREMN\u00c9 INFO<\/h5>\n<p>I\u010cO: 45 884 471<br \/>\nDI\u010c: 2023140779[\/vc_column_text][\/vc_column_inner][\/vc_row_inner][vc_row_inner][vc_column_inner width=&#8220;1\/2&#8243;][vc_column_text]<\/p>\n<h5 class=\"nasa-title-heading\" style=\"font-weight: 500;\">EMAILY<\/h5>\n<p>obchod@tesel.sk<br \/>\ndom.syst@tesel.sk<br \/>\nelektro@tesel.sk[\/vc_column_text][\/vc_column_inner][vc_column_inner width=&#8220;1\/2&#8243;][vc_column_text]<\/p>\n<h5 class=\"nasa-title-heading\" style=\"font-weight: 500;\">TELEF\u00d3N<\/h5>\n<p>Mobile 1: +421 911 349 689<br \/>\nMobile 2: +421 948 777 213<br \/>\nMobile 3: +421 948 777 214<br \/>\n[\/vc_column_text][\/vc_column_inner][\/vc_row_inner][vc_empty_space height=&#8220;20px&#8220;][vc_column_text]<\/p>\n<h5 class=\"nasa-title-heading\" style=\"font-weight: 500;\">ZANECHAJ N\u00c1M ODKAZ<\/h5>\n<p>Ak m\u00e1te ak\u00e9ko\u013evek ot\u00e1zky, nev\u00e1hajte n\u00e1s kontaktova\u0165.<br \/>\nOdpovieme v\u00e1m \u010do najsk\u00f4r. \u010eakujeme![\/vc_column_text][vc_empty_space height=&#8220;20px&#8220;]<div role=\"form\" class=\"wpcf7\" id=\"wpcf7-f13567-o1\" lang=\"en-US\" dir=\"ltr\">\n<div class=\"screen-reader-response\"><p role=\"status\" aria-live=\"polite\" aria-atomic=\"true\"><\/p> <ul><\/ul><\/div>\n<form action=\"\/tesel\/wp-json\/wp\/v2\/pages\/7410#wpcf7-f13567-o1\" method=\"post\" class=\"wpcf7-form init\" novalidate=\"novalidate\" data-status=\"init\">\n<div style=\"display: none;\">\n<input type=\"hidden\" name=\"_wpcf7\" value=\"13567\" \/>\n<input type=\"hidden\" name=\"_wpcf7_version\" value=\"5.6.1\" \/>\n<input type=\"hidden\" name=\"_wpcf7_locale\" value=\"en_US\" \/>\n<input type=\"hidden\" name=\"_wpcf7_unit_tag\" value=\"wpcf7-f13567-o1\" \/>\n<input type=\"hidden\" name=\"_wpcf7_container_post\" value=\"0\" \/>\n<input type=\"hidden\" name=\"_wpcf7_posted_data_hash\" value=\"\" \/>\n<\/div>\n<div class=\"contact-form-footer\">\n<div class=\"row\">\n<div class=\"lt-col large-6 columns\">\n       <label> Va\u0161e meno (povinn\u00e9)<br \/>\n           <span class=\"wpcf7-form-control-wrap\" data-name=\"digi-name\"><input type=\"text\" name=\"digi-name\" value=\"\" size=\"40\" class=\"wpcf7-form-control wpcf7-text wpcf7-validates-as-required\" aria-required=\"true\" aria-invalid=\"false\" placeholder=\"Va\u0161e meno\" \/><\/span> <\/label>\n    <\/div>\n<div class=\"lt-col large-6 columns\">\n       <label> V\u00e1\u0161 email (povinn\u00e9)<br \/>\n          <span class=\"wpcf7-form-control-wrap\" data-name=\"digi-email\"><input type=\"email\" name=\"digi-email\" value=\"\" size=\"40\" class=\"wpcf7-form-control wpcf7-text wpcf7-email wpcf7-validates-as-required wpcf7-validates-as-email\" aria-required=\"true\" aria-invalid=\"false\" placeholder=\"V\u00e1\u0161 email\" \/><\/span> <\/label>\n    <\/div>\n<\/div>\n<div class=\"row\">\n<div class=\"large-12 columns\">\n         <label> Va\u0161a spr\u00e1va<br \/>\n         <span class=\"wpcf7-form-control-wrap\" data-name=\"digi-message\"><textarea name=\"digi-message\" cols=\"100\" rows=\"10\" class=\"wpcf7-form-control wpcf7-textarea\" aria-invalid=\"false\" placeholder=\"Va\u0161a spr\u00e1va\"><\/textarea><\/span>\n    <\/div>\n<\/div>\n<div class=\"row\">\n<div class=\"large-12 columns\">\n<input type=\"submit\" value=\"Odosla\u0165\" class=\"wpcf7-form-control has-spinner wpcf7-submit\" \/>\n    <\/div>\n<\/div>\n<\/div>\n<div class=\"wpcf7-response-output\" aria-hidden=\"true\"><\/div><\/form><\/div>[vc_empty_space height=&#8220;35px&#8220;][\/vc_column][\/vc_row]<\/p>\n","protected":false},"excerpt":{"rendered":"<p>[vc_row][vc_column][\/vc_column][\/vc_row][vc_row css=&#8220;.vc_custom_1502944604565{margin-top: 20px !important;}&#8220;][vc_column][\/vc_column][\/vc_row][vc_row][vc_column][vc_empty_space height=&#8220;64px&#8220;][vc_headings style=&#8220;theme5&#8243; linewidth=&#8220;420&#8243; borderwidth=&#8220;1&#8243; borderclr=&#8220;#000000&#8243; style2=&#8220;image&#8220; title=&#8220;&#8220; google_fonts=&#8220;font_family:Abril%20Fatface%3Aregular|font_style:400%20regular%3A400%3Anormal&#8220; lineheight=&#8220;2&#8243; titleclr=&#8220;#000000&#8243; image_id=&#8220;14092&#8243;] Kontaktujte n\u00e1s &nbsp; [\/vc_headings][vc_empty_space][\/vc_column][\/vc_row][vc_row bg_type=&#8220;no_bg&#8220; bg_grad=&#8220;background: -webkit-gradient(linear, left top, left bottom, color-stop(0%, #E3E3E3));background: -moz-linear-gradient(top,#E3E3E3 0%);background: -webkit-linear-gradient(top,#E3E3E3 0%);background: -o-linear-gradient(top,#E3E3E3 0%);background: -ms-linear-gradient(top,#E3E3E3 0%);background: linear-gradient(top,#E3E3E3 0%);&#8220; parallax_style=&#8220;vcpb-default&#8220; bg_image_repeat=&#8220;repeat&#8220; bg_image_size=&#8220;cover&#8220; bg_img_attach=&#8220;scroll&#8220; parallax_sense=&#8220;30&#8243; animation_direction=&#8220;left-animation&#8220; animation_repeat=&#8220;repeat&#8220; video_opts=&#8220;&#8220; bg_override=&#8220;0&#8243; parallax_content_sense=&#8220;30&#8243; fadeout_start_effect=&#8220;30&#8243; overlay_pattern_opacity=&#8220;80&#8243; seperator_type=&#8220;none_seperator&#8220; seperator_position=&#8220;top_seperator&#8220; seperator_shape_size=&#8220;40&#8243; seperator_svg_height=&#8220;60&#8243; seperator_shape_background=&#8220;#ffffff&#8220; [&hellip;]<\/p>\n","protected":false},"author":1,"featured_media":0,"parent":0,"menu_order":0,"comment_status":"open","ping_status":"open","template":"page-visual-composer.php","meta":{"footnotes":""},"class_list":["post-7410","page","type-page","status-publish","hentry"],"_links":{"self":[{"href":"https:\/\/www.webstranka-eshop.sk\/tesel\/wp-json\/wp\/v2\/pages\/7410","targetHints":{"allow":["GET"]}}],"collection":[{"href":"https:\/\/www.webstranka-eshop.sk\/tesel\/wp-json\/wp\/v2\/pages"}],"about":[{"href":"https:\/\/www.webstranka-eshop.sk\/tesel\/wp-json\/wp\/v2\/types\/page"}],"author":[{"embeddable":true,"href":"https:\/\/www.webstranka-eshop.sk\/tesel\/wp-json\/wp\/v2\/users\/1"}],"replies":[{"embeddable":true,"href":"https:\/\/www.webstranka-eshop.sk\/tesel\/wp-json\/wp\/v2\/comments?post=7410"}],"version-history":[{"count":29,"href":"https:\/\/www.webstranka-eshop.sk\/tesel\/wp-json\/wp\/v2\/pages\/7410\/revisions"}],"predecessor-version":[{"id":16426,"href":"https:\/\/www.webstranka-eshop.sk\/tesel\/wp-json\/wp\/v2\/pages\/7410\/revisions\/16426"}],"wp:attachment":[{"href":"https:\/\/www.webstranka-eshop.sk\/tesel\/wp-json\/wp\/v2\/media?parent=7410"}],"curies":[{"name":"wp","href":"https:\/\/api.w.org\/{rel}","templated":true}]}}